22. What is l(-7)?
-40
Let f(c) = 1901*c + 332679. What is f(-175)?
4
Let g(t) = -t**2 + 398*t + 8708. Calculate g(-21).
-91
Let a(n) = -131339*n - 1838748. Give a(-14).
-2
Let d(i) = i**2 + 223*i - 6126. Determine d(24).
-198
Let o(r) = 671*r - 391200. Determine o(583).
-7
Let o(b) = -3*b**3 - 272*b**2 + 356*b - 1149. Give o(-92).
-45
Let t(f) = 2907*f - 1863418. What is t(641)?
-31
Let q(a) = -349*a - 34243. Calculate q(-98).
-41
Let q(s) = 35962*s - 179807. Calculate q(5).
3
Let l(n) = 10*n**3 - n**2 + 641*n - 3927. Determine l(6).
2043
Let b(l) = 584*l + 24420. What is b(-42)?
-108
Let p(j) = 87312*j - 611027. Calculate p(7).
157
Let k(a) = a**3 + 267*a**2 + 12274*a + 218. Give k(-59).
100
Let a(k) = -649*k + 16524. Calculate a(25).
299
Let x(f) = f**2 + 18604*f - 801829. Give x(43).
-8
Let l(t) = 2*t**2 - 169*t - 1276. What is l(83)?
-1525
Let r(d) = 79*d**2 + 13174*d + 88351. What is r(-7)?
4
Let w(t) = -t**2 + 437*t - 37868. Calculate w(321).
-632
Let s(m) = 9185*m + 64365. Determine s(-7).
70
Let q(w) = 957*w - 129190. Give q(135).
5
Let b(a) = 613*a - 6673. Give b(11).
70
Let t(y) = -y**2 + 87*y + 930. Determine t(108).
-1338
Let i(d) = -5*d**2 + 87532*d + 262634. Calculate i(-3).
-7
Let a(k) = -6680*k - 247186. What is a(-37)?
-26
Let x(b) = -b**2 + 706*b - 96408. Calculate x(185).
-23
Let y(c) = -65*c**2 - 1243*c - 1247. Determine y(-1).
-69
Let x(o) = -o**3 + 12*o**2 - 29*o + 25. Determine x(8).
49
Let n(v) = -330*v**2 + 66339*v - 1809. What is n(201)?
0
Let r(c) = -4*c**2 - 192*c - 1851. Give r(-32).
197
Let g(n) = -1470*n**2 + 64687*n - 333. Determine g(44).
-25
Let c(f) = 16*f**2 + 4945*f + 9868. Calculate c(-2).
42
Let z(i) = -2*i**3 + 14*i**2 + 100*i - 1057. What is z(9)?
-481
Let d(p) = -54*p**2 - 116*p + 1514. Determine d(11).
-6296
Let m(n) = 2255*n - 157842. What is m(70)?
8
Let b(c) = 627*c**2 + 4404*c + 27. Give b(-7).
-78
Let n(i) = i**3 - 5*i**2 - 392*i - 1714. Calculate n(-5).
-4
Let s(n) = -1581*n - 547055. Give s(-346).
-29
Let y(i) = 1657*i + 17851. Give y(-11).
-376
Let f(x) = 51*x + 3270. What is f(-32)?
1638
Let f(v) = 11*v**2 + 8*v - 829. What is f(11)?
590
Let w(r) = -r**3 + 11*r**2 + 218*r - 2437. What is w(15)?
-67
Let u(g) = g**3 + 323*g**2 - 1955*g + 6247. What is u(-329)?
-4
Let u(w) = -26041*w - 5937371. Determine u(-228).
-23
Let w(t) = 17512*t - 805556. Calculate w(46).
-4
Let n(d) = 9330*d + 1352730. Give n(-145).
-120
Let d(n) = -n**3 + 3503*n**2 + 63396*n + 313. What is d(-18)?
-11
Let p(h) = 7486*h + 89822. Determine p(-12).
-10
Let b(u) = 2456*u**2 - 22128*u + 147. Determine b(9).
-69
Let u(s) = 225*s - 10292. Give u(46).
58
Let p(u) = u**3 - 3*u**2 - 614*u + 6391. Determine p(17).
-1
Let g(y) = -53*y**2 + 1158*y - 188. What is g(20)?
1772
Let p(y) = y**3 + 15*y**2 - 786*y + 2549. What is p(19)?
-111
Let h(q) = 5*q**3 - 185*q**2 + 361*q - 370. Calculate h(35).
15
Let h(m) = m**2 - 933*m + 23588. Give h(907).
6
Let c(b) = b**2 - 166*b + 25. Determine c(0).
25
Let h(k) = 48240*k + 2122466. Determine h(-44).
-94
Let q(i) = -327*i + 3981. What is q(13)?
-270
Let g(p) = p**2 - 2684*p - 108956. Determine g(-40).
4
Let b(i) = -948*i**2 + 5381*i + 59. Calculate b(6).
-1783
Let j(i) = -8*i**2 + 146*i - 1013. Calculate j(9).
-347
Let r(f) = -26*f**2 + 284*f + 249. Determine r(13).
-453
Let b(u) = 95*u + 1083. Determine b(-11).
38
Let w(h) = -64088*h + 1346194. What is w(21)?
346
Let o(k) = 2*k**3 + 144*k**2 - 213*k - 5389. What is o(-73)?
-498
Let p(n) = -n**3 + 124*n**2 - 473*n - 572. Determine p(120).
268
Let n(v) = v**2 + 615*v - 73124. Determine n(-717).
10
Let w(f) = f**2 - 1311*f - 36127. Calculate w(-27).
-1
Let z(d) = d**2 + 330*d + 27137. Determine z(-167).
-84
Let q(i) = 577*i**2 - 35774*i + 32. Determine q(62).
32
Let r(s) = -5939*s + 325. Calculate r(0).
325
Let h(y) = -y**3 + 16*y**2 + 6991*y - 74. Calculate h(-76).
2
Let s(g) = -14279*g + 57021. Calculate s(4).
-95
Let o(t) = -t**2 - 488*t - 51723. Give o(-158).
417
Let y(s) = 146*s - 1208. Give y(8).
-40
Let n(x) = -1904*x + 322208. Give n(169).
432
Let m(q) = -q**2 - 32498*q - 64997. Determine m(-2).
-5
Let t(l) = -2*l**3 + 28*l**2 - 632*l + 6230. What is t(11)?
4
Let f(r) = 33*r**3 - 1429*r**2 + 426*r + 173. Give f(43).
1
Let w(c) = -12*c - 484. Determine w(-8).
-388
Let n(p) = -p**2 - 207*p + 12797. Determine n(50).
-53
Let d(v) = -781109*v - 5467730. Determine d(-7).
33
Let j(o) = 58*o**2 + 417*o - 1259. Calculate j(3).
514
Let x(l) = -27*l**3 - l**2 - 8*l + 489. Determine x(0).
489
Let o(h) = 10*h**2 + 2856*h + 203923. What is o(-143)?
5
Let a(k) = 6*k**2 - 1377*k - 8303. Determine a(-6).
175
Let i(a) = a**2 - 933*a - 53296. Determine i(-54).
2
Let s(o) = 6*o**2 + 26*o - 7767. Calculate s(-41).
1253
Let f(r) = r**3 - 13*r**2 + 82*r - 1225. What is f(13)?
-159
Let f(h) = 43718*h + 174939. Calculate f(-4).
67
Let o(z) = 2*z**2 - 149*z - 1128. Give o(-7).
13
Let g(f) = 9*f**2 - 557*f + 851. Determine g(60).
-169
Let m(l) = -123*l + 15640. Calculate m(134).
-842
Let b(z) = -90*z - 15521. What is b(-172)?
-41
Let h(n) = n**3 - 205*n**2 + 400*n + 81202. Determine h(201).
-2
Let y(q) = 8509*q - 3786529. Determine y(445).
-24
Let m(k) = -26*k**3 + k**2 - 21*k + 33. What is m(3)?
-723
Let v(g) = g**2 + 269*g + 15305. Calculate v(-213).
3377
Let f(b) = -6750*b + 26275. Calculate f(4).
-725
Let t(w) = -1828*w**2 + 20106*w + 24. Determine t(11).
2
Let u(v) = 4*v**2 + 1397*v + 22568. Calculate u(-17).
-25
Let q(d) = d**2 + 25*d + 37. Give q(-17).
-99
Let j(k) = 1520*k - 1569. Give j(1).
-49
Let l(f) = f**3 - 229*f**2 - 1562*f + 633. Give l(-7).
3
Let v(a) = 7*a**2 - 239*a + 2042. Calculate v(16).
10
Let c(g) = 87*g**2 + 1563*g + 571. Determine c(-18).
625
Let k(q) = 172*q**2 - 518*q + 33. Determine k(3).
27
Let z(i) = -i**3 - 130*i**2 - 4041*i - 548. What is z(-51)?
64
Let y(d) = -d**3 - 114*d**2 + 6156*d + 186. Determine y(40).
26
Let s(w) = 2*w**2 + 1391*w - 8435. Give s(6).
-17
Let j(k) = -k**2 + 1358*k - 4062. What is j(3)?
3
Let c(n) = 34699*n + 207980. What is c(-6)?
-214
Let i(v) = -2*v**3 - 106*v**2 + 127*v + 904. Calculate i(-54).
-122
Let f(s) = 1180*s - 5675. Determine f(5).
225
Let c(z) = 9*z**2 - 456*z - 911. Determine c(52).
-287
Let r(f) = 14168*f + 2054443. Give r(-145).
83
Let p(a) = 57469*a - 344701. Calculate p(6).
113
Let r(z) = -38133*z - 495719. Calculate r(-13).
10
Let u(d) = d**3 + 1279*d**2 + 10166*d - 6. Calculate u(-8).
10
Let f(o) = -30*o**2 - 169*o + 2132. Calculate f(6).
38
Let u(b) = b**3 - 636*b**2 + 2953*b + 127440. Calculate u(631).
-22
Let g(p) = p**3 + 28*p**2 - 132*p - 178. What is g(-32)?
-50
Let k(l) = l**3 + 36*l**2 + 89*l - 217. Determine k(-33).
113
Let y(h) = -149*h**2 - 125*h + 921. Calculate y(5).
-3429
Let u(o) = o**3 - 145*o**2 + 1138*o - 101104. Determine u(142).
0
Let c(n) = n**3 + 9*n**2 + 53*n + 631. Determine c(-10).
1
Let c(s) = -7*s**2 + 1658*s + 56. Calculate c(237).
-181
Let u(d) = 13152*d + 2393666. Determine u(-182).
2
Let l(s) = -54*s + 5012. Give l(107).
-766
Let c(d) = -d**2 + 102552*d + 615351. What is c(-6)?
3
Let m(z) = -3*z**3 - 56*z**2 - 95*z - 521. Calculate m(-13).
-2159
Let x(g) = -g**3 + 254*g**2 - 86*g + 21373. Give x(254).
-471
Let i(j) = -36044*j + 108106. Give i(3).
-26
Let o(q) = -583*q - 124755. Calculate o(-214).
7
Let l(y) = -6*y**2 - 2145*y - 24887. Determine l(-12).
-11
Let q(z) = 4*z**2 + 1710*z - 11966. Determine q(7).
200
Let b(o) = 511775*o - 3070639. Determine b(6).
11
Let z(f) = 2*f**3 + 17*f**2 - 164*f - 13. Give z(7).
358
Let b(g) = 5*g**3 - 89*g**2 + 230*g - 107. What is b(15)?
193
Let p(u) = u**2 - 2137*u + 106294. Determine p(51).
-92
Let q(b) = -8153*b + 41944. Calculate q(5).
1179
Let w(f) = -2*f**2 + 66*f + 539. What is w(40)?
-21
Let w(a) = a**2 + 1378*a - 22225. What is w(16)?
79
Let o(u) = u**3 - 13*u**2 + 127*u + 108. Calculate o(7).
703
Let v(s) = 60*s + 2645. Calculate v(-63).
-1135
Let o(m) = m**2 - 916*m - 9143. Give o(-10).
117
Let w(s) = -1184*s + 856043. Give w(723).
11
Let q(k) = 44*k**2 + 345*k - 65. Calculate q(-8).
-9
Let w(c) = 2*c**2 + 1688*c + 346584. Give w(-353).
-62
Let f(b) = 3*b**3 - 512*b**2 + 9686*b - 145. What is f(149)?
4
Let z(x) = 21*x - 1681. Calculate z(30).
-1051
Let q(a) = -622*a + 92010. Calculate q(148).
-46
Let h(b) =